ine o(0).
7
Let g(v) = 3*v**2 + 6*v + 2. Calculate g(-5).
47
Let h(s) = s**3 + 2*s**2 - s - 3. Give h(0).
-3
Let v(k) = k**2 - 8*k + 6. Calculate v(4).
-10
Let r(w) = w**2 - 28. Determine r(-5).
-3
Let j(a) = 58*a**3 - a**2 + 1. Determine j(-1).
-58
Let f(r) = -10*r**2. Calculate f(1).
-10
Let n(j) = j + 11. Calculate n(-3).
8
Let r(o) = -o**3 + 7*o**2 + 11*o. Give r(8).
24
Let v(x) = x**3 + 15*x**2 - 18*x + 6. What is v(-16)?
38
Let r(g) = -g**3 + 2*g**2 + 4*g + 5. What is r(4)?
-11
Let s(w) = -11*w**3 + 3*w**2 + 2*w. Calculate s(-1).
12
Let p(i) = -4*i + 5. Give p(6).
-19
Let k(p) = p**2 - 2*p - 4. Give k(0).
-4
Let t(q) = 2*q + 10. What is t(9)?
28
Let v(h) = h**2 + 30*h - 20. Calculate v(-22).
-196
Let j(t) = t**3 + 7*t**2 + 7*t + 4. Give j(-6).
-2
Let w(p) = p**3 + 10*p**2 - 6*p - 18. Calculate w(-9).
117
Let j(r) = 5*r**2 - 26*r - 3. Give j(5).
-8
Let y(z) = -45*z + 2. Calculate y(-1).
47
Let f(i) = -2*i**2 - 18*i + 9. Determine f(-10).
-11
Let c(d) = -d**3 + d**2 + 24*d - 25. What is c(5)?
-5
Let y(q) = -2*q**2 + 8*q + 35. Give y(-3).
-7
Let i(d) = d**2 - 28*d + 18. Give i(27).
-9
Let f(q) = q**2 - 11*q - 6. Determine f(12).
6
Let b(f) = 14*f**3 + 2*f**2 - 1. Determine b(-1).
-13
Let m(i) = i**3 + 3*i**2 - 5*i - 6. Determine m(-3).
9
Let o(t) = 6*t**2 + 13*t - 14. Calculate o(1).
5
Let d(z) = 66*z - 334. What is d(5)?
-4
Let x(z) = -z**2 - 11*z + 23. Give x(-14).
-19
Let p(v) = -11*v**3 + 2*v**2 - v. Determine p(1).
-10
Let z(y) = -8*y - 53. What is z(-6)?
-5
Let a(k) = 8*k**2 + 1. Calculate a(-1).
9
Let l(c) = 3*c - 20. What is l(26)?
58
Let d(j) = -j**3 - 8*j**2 - 6*j + 1. Calculate d(-7).
-6
Let j(o) = o**2 - 31*o + 6. Give j(31).
6
Let r(d) = d**3 - 3*d**2 - 5*d + 9. What is r(4)?
5
Let w(l) = -l**3 + 4*l**2 + 8*l + 1. Give w(6).
-23
Let b(h) = h**2 + 2*h - 7. Give b(-5).
8
Let f(d) = d**2 - 8*d + 10. Calculate f(8).
10
Let t(a) = -a**3 + 9*a**2 - 8*a + 6. Determine t(8).
6
Let u(g) = -g**3 - 8*g**2 + 10*g - 2. Calculate u(-7).
-121
Let j(a) = 3*a**2 - 2*a + 1. Determine j(-2).
17
Let g(h) = -3*h**3 - 3*h**2 + 10*h + 12. Calculate g(-4).
116
Let t(l) = 10*l**3 - 2*l**2 - 2*l + 3. Give t(2).
71
Let k(w) = -2*w**3 + w**2 - w. What is k(-2)?
22
Let t(r) = -r - 1. Give t(16).
-17
Let p(j) = -3*j**3 + 16*j**2 - 2*j - 13. What is p(5)?
2
Let g(u) = 15*u - 2. Calculate g(3).
43
Let j(y) = y**3 + 13*y**2 - 33*y - 36. Give j(-15).
9
Let w(q) = -q**3 + 6*q**2 + 6*q - 10. What is w(7)?
-17
Let i(v) = 282*v - 571. Give i(2).
-7
Let t(z) = -2*z**2 - 27*z + 470. Give t(10).
0
Let m(r) = -r**3 - 9. What is m(0)?
-9
Let b(m) = -m**2 - 4*m + 1. Determine b(-3).
4
Let p(n) = n**2 + 2*n + 5. Calculate p(-4).
13
Let q(r) = -r**3 - 7*r**2 + 31*r + 12. What is q(-10)?
2
Let x(g) = -5*g - 74. Give x(-14).
-4
Let d(h) = -h + 4. Calculate d(-6).
10
Let p(m) = -m**3 + 13*m**2 - 11*m. Determine p(12).
12
Let z(x) = 51*x - 1320. Calculate z(26).
6
Let r(j) = -j**2 + 12*j - 3. What is r(12)?
-3
Let g(f) = 4*f + 11. Calculate g(-6).
-13
Let d(q) = 2*q - 59. Determine d(27).
-5
Let l(x) = -2*x**2 - 14*x + 12. What is l(-9)?
-24
Let u(l) = 3*l + 16. Give u(-3).
7
Let m(o) = -5*o + 79. What is m(16)?
-1
Let v(g) = g - 49. Determine v(23).
-26
Let a(v) = 4*v + 8. Calculate a(-6).
-16
Let j(m) = -m**2 - 11*m - 22. Determine j(-8).
2
Let m(a) = -24*a**3 + 3*a**2 + 2*a. Calculate m(-1).
25
Let u(o) = 29*o - 651. What is u(23)?
16
Let b(f) = f**3 + 9*f**2 + 6*f + 9. Calculate b(-8).
25
Let r(s) = 2*s + 26. Calculate r(-10).
6
Let a(y) = y**3 + 10*y**2 - 17*y - 12. Calculate a(-11).
54
Let q(h) = h**3 - 7*h**2 - 2*h + 12. What is q(7)?
-2
Let t(q) = 41*q + 122. Determine t(-3).
-1
Let b(h) = h**2 - h - 1. Determine b(4).
11
Let h(y) = -y - 2. Determine h(-6).
4
Let p(w) = -2*w**2 - 45*w - 22. What is p(-22)?
0
Let k(c) = 95*c + 278. Give k(-3).
-7
Let z(b) = 6*b + 39. Give z(-6).
3
Let r(u) = -u**2 - u + 14. Determine r(-10).
-76
Let y(r) = -3*r + 2. Calculate y(-5).
17
Let m(l) = 12*l - 7. Give m(2).
17
Let b(w) = -6*w + 40. Calculate b(7).
-2
Let j(k) = -75*k + 4. Calculate j(0).
4
Let x(w) = -w**3 - 2*w**2 + 11*w - 17. What is x(-5)?
3
Let q(l) = l**3 - 44*l**2 + 122*l + 25. Determine q(41).
-16
Let q(j) = -4*j**2 + j + 2. Calculate q(-2).
-16
Let f(z) = 3*z**2 + 6*z + 14. Calculate f(-6).
86
Let j(v) = v**3 + 26*v**2 + 7*v + 47. What is j(-26)?
-135
Let u(l) = l**3 + 4*l**2 - l + 8. Calculate u(0).
8
Let n(j) = -j**2 - 5*j - 1. Give n(-6).
-7
Let t(q) = -q**3 + 11*q**2 + 3*q - 29. What is t(11)?
4
Let b(h) = 40*h - 356. Determine b(9).
4
Let c(s) = -22*s**2 + s. Calculate c(-1).
-23
Let j(c) = -c**3 + c**2 + 2*c - 1. Calculate j(-2).
7
Let m(z) = -z**3 - z**2 + 6*z - 6. Calculate m(1).
-2
Let u(k) = 2*k**2 + 26*k - 6. Give u(-13).
-6
Let g(u) = u**2 - 24*u + 131. What is g(8)?
3
Let v(m) = 25*m**3 - 1. Give v(1).
24
Let c(l) = l**2 + 16*l + 38. What is c(-11)?
-17
Let w(h) = -34*h + 106. Determine w(3).
4
Let y(u) = -2*u**2 + 73*u - 39. Give y(36).
-3
Let w(h) = h**3 + 6*h**2 + 6*h + 11. Determine w(-5).
6
Let n(f) = 3*f - 2. Determine n(-3).
-11
Let t(r) = 9*r + 2. Calculate t(-3).
-25
Let l(o) = 3*o**3 - 7*o**2 + 2*o + 2. Give l(2).
2
Let m(s) = 3*s - 2. Calculate m(4).
10
Let o(s) = -83*s + 86. Give o(1).
3
Let j(y) = -2*y - 5. Determine j(-5).
5
Let y(n) = -18*n + 6. What is y(0)?
6
Let z(p) = 7*p**3 - 35*p**2 + 3*p - 6. Give z(5).
9
Let z(n) = 6*n + 29. Give z(-5).
-1
Let c(v) = -2*v - 32. Give c(-5).
-22
Let u(v) = -v**2 - 3*v + 29. What is u(-6)?
11
Let s(h) = 7*h + 36. What is s(3)?
57
Let w(x) = -x**2 + 7*x - 15. What is w(7)?
-15
Let h(d) = -24*d - 187. Determine h(-7).
-19
Let r(v) = 60*v**2 - 1. Give r(-1).
59
Let z(n) = -n**3 + 3*n**2 - 6. Give z(4).
-22
Let h(o) = -5*o - 2. Give h(-5).
23
Let s(i) = -2*i**2 + 9*i - 16. Give s(3).
-7
Let v(k) = -2*k + 18. What is v(9)?
0
Let u(q) = q**2 + 8*q + 42. What is u(-8)?
42
Let u(f) = f**3 - 7*f**2 + 8*f - 3. What is u(5)?
-13
Let h(k) = -3*k**3 - 13*k**2 - 4*k - 4. Give h(-4).
-4
Let j(u) = -u**3 + 4*u**2 + u + 8. Calculate j(4).
12
Let r(b) = b**3 + 4*b**2 - 15*b - 23. What is r(-6)?
-5
Let k(a) = a + 6. Calculate k(-7).
-1
Let t(d) = 27*d. Calculate t(-5).
-135
Let n(q) = -q**3 + 16*q**2 - 20. Give n(16).
-20
Let f(n) = 22*n - 2. Calculate f(-1).
-24
Let w(p) = p**3 + 13*p**2 - 14*p - 12. Give w(-14).
-12
Let m(j) = -j**3 + 13*j**2 - 5*j + 26. Calculate m(13).
-39
Let m(l) = -4*l**2 - 34*l - 10. What is m(-8)?
6
Let q(s) = -2*s**2 - 10*s + 1. What is q(-3)?
13
Let a(b) = -b**2 + 6*b - 3. Calculate a(9).
-30
Let f(s) = -s**2 + 3*s + 61. Give f(0).
61
Let f(l) = -l**3 - 16*l**2 - 2*l - 27. Determine f(-16).
5
Let n(z) = z**2 - 16*z - 5. Calculate n(16).
-5
Let l(i) = i**3 - 10*i**2 - 4*i + 21. What is l(10)?
-19
Let n(m) = m**2 - 39*m - 89. Give n(41).
-7
Let z(r) = r**2 + 54*r - 945. What is z(14)?
7
Let c(y) = -y**3 - 20*y**2 - 36*y + 1. Determine c(-18).
1
Let x(c) = c**3 + 17*c**2 - 38*c - 2. What is x(-19)?
-2
Let c(k) = 22*k - 79. Calculate c(4).
9
Let c(n) = -n**3 - n**2 - 4*n + 5. Determine c(5).
-165
Let j(c) = -c**3 + 19*c**2 - c + 11. What is j(19)?
-8
Let g(t) = -13*t + 247. What is g(20)?
-13
Let w(l) = l**3 + 4*l**2 - 20*l - 72. What is w(-5)?
3
Let s(d) = 72*d**2 + 3*d - 3. Determine s(1).
72
Let o(z) = -z**3 + 2*z**2 + 15*z + 12. Give o(6).
-42
Let p(c) = c + 1. Determine p(4).
5
Let x(q) = -2*q**2 + 5*q - 5. Determine x(2).
-3
Let o(x) = -3*x - 12. Determine o(0).
-12
Let l(u) = -53*u - 904. Give l(-17).
-3
Let a(w) = -w**3 - w**2 - 3. Calculate a(-2).
1
Let h(o) = -4*o**3 - o**2 + 1. Determine h(1).
-4
Let h(o) = -o**3 - o + 15. Determine h(0).
15
Let u(s) = s - 12. What is u(13)?
1
Let y(c) = -c + 12. Give y(-7).
19
Let j(h) = -h**3 - 5*h**2 + 9*h - 8. Calculate j(-6).
-26
Let u(i) = i + 17. Determine u(-14).
3
Let z(f) = -f**3 + 2*f**2 - 3*f - 2. Calculate z(4).
-46
Let c(q) = -q**3 + 8*q**2 - 9*q + 11. Give c(7).
-3
Let m(a) = -8*a - 289. What is m(-34)?
-17
Let u(k) = -5*k**2 + 1. Determine u(1).
-4
Let t(h) = -h**2 + 5*h + 8. What is t(9)?
-28
Let y(r) = -2*r + 5. Give y(0).
5
Let w(z) = 3*z**3 - 5*z. Determine w(2).
14
Let f(q) = q**2 - 25*q + 92. Give f(21).
8
Let n(d) = -d. Give n(2).
-2
Let v(p) = p**3 + 5*p**2 - p. Calculate v(-5).
5
Let o(u) = u**2 - 15*u + 18. Give o(9).
-36
L